{"id":31,"date":"2021-06-28T23:46:06","date_gmt":"2021-06-28T21:46:06","guid":{"rendered":"http:\/\/www.russiacristiana.siracusa.it\/?page_id=31"},"modified":"2024-03-16T11:43:42","modified_gmt":"2024-03-16T10:43:42","slug":"home-page","status":"publish","type":"page","link":"http:\/\/www.sanvladimir.siracusa.it\/","title":{"rendered":"L&#8217; Associazione"},"content":{"rendered":"\t\t<div data-elementor-type=\"wp-page\" data-elementor-id=\"31\" class=\"elementor elementor-31\">\n\t\t\t\t\t\t\t\t\t<section class=\"elementor-section elementor-top-section elementor-element elementor-element-6794698 elementor-section-boxed elementor-section-height-default elementor-section-height-default\" data-id=\"6794698\" data-element_type=\"section\">\n\t\t\t\t\t\t<div class=\"elementor-container elementor-column-gap-default\">\n\t\t\t\t\t<div class=\"elementor-column elementor-col-100 elementor-top-column elementor-element elementor-element-83b864a\" data-id=\"83b864a\" data-element_type=\"column\">\n\t\t\t<div class=\"elementor-widget-wrap elementor-element-populated\">\n\t\t\t\t\t\t\t\t<div class=\"elementor-element elementor-element-5fec0b3 elementor-widget elementor-widget-spacer\" data-id=\"5fec0b3\" data-element_type=\"widget\" data-widget_type=\"spacer.default\">\n\t\t\t\t<div class=\"elementor-widget-container\">\n\t\t\t\t\t<div class=\"elementor-spacer\">\n\t\t\t<div class=\"elementor-spacer-inner\"><\/div>\n\t\t<\/div>\n\t\t\t\t<\/div>\n\t\t\t\t<\/div>\n\t\t\t\t<section class=\"elementor-section elementor-inner-section elementor-element elementor-element-258def8 elementor-section-boxed elementor-section-height-default elementor-section-height-default\" data-id=\"258def8\" data-element_type=\"section\">\n\t\t\t\t\t\t<div class=\"elementor-container elementor-column-gap-default\">\n\t\t\t\t\t<div class=\"elementor-column elementor-col-50 elementor-inner-column elementor-element elementor-element-48f1f9d\" data-id=\"48f1f9d\" data-element_type=\"column\">\n\t\t\t<div class=\"elementor-widget-wrap elementor-element-populated\">\n\t\t\t\t\t\t\t\t<div class=\"elementor-element elementor-element-386ce9b elementor-widget elementor-widget-image\" data-id=\"386ce9b\" data-element_type=\"widget\" data-widget_type=\"image.default\">\n\t\t\t\t<div class=\"elementor-widget-container\">\n\t\t\t\t\t\t\t\t\t\t\t\t\t\t\t<img fetchpriority=\"high\" decoding=\"async\" width=\"676\" height=\"180\" src=\"http:\/\/www.sanvladimir.siracusa.it\/wp-content\/uploads\/2024\/01\/Logo_s.jpg\" class=\"attachment-large size-large wp-image-923\" alt=\"\" srcset=\"http:\/\/www.sanvladimir.siracusa.it\/wp-content\/uploads\/2024\/01\/Logo_s.jpg 720w, http:\/\/www.sanvladimir.siracusa.it\/wp-content\/uploads\/2024\/01\/Logo_s-300x80.jpg 300w, http:\/\/www.sanvladimir.siracusa.it\/wp-content\/uploads\/2024\/01\/Logo_s-600x160.jpg 600w, http:\/\/www.sanvladimir.siracusa.it\/wp-content\/uploads\/2024\/01\/Logo_s-676x180.jpg 676w\" sizes=\"(max-width: 676px) 100vw, 676px\" \/>\t\t\t\t\t\t\t\t\t\t\t\t\t\t\t<\/div>\n\t\t\t\t<\/div>\n\t\t\t\t<div class=\"elementor-element elementor-element-3985d69 elementor-widget elementor-widget-text-editor\" data-id=\"3985d69\" data-element_type=\"widget\" data-widget_type=\"text-editor.default\">\n\t\t\t\t<div class=\"elementor-widget-container\">\n\t\t\t\t\t\t\t<p style=\"text-align: justify;\"><strong>L\u2019 ASSOCIAZIONE \u201cSAN VLADIMIR<\/strong>\u201d,\u00a0fondata nel 1980, promuove iniziative, soprattutto pastorali, a favore della Chiesa dell\u2019Est, ed in particolare dell\u2019ex Unione Sovietica, per favorire la concordia, la collaborazione, la carit\u00e0, l\u2019amore.<br data-rich-text-line-break=\"true\" \/>All\u2019interno del grande movimento ecumenico, i soci dell\u2019Associazione guardano con particolare al mondo orientale, al quale si sentono accomunati, tra l\u2019altro, dalla venerazione della Madonna. Ed a Maria, Madre della Chiesa, che essi si rivolgono per ottenere attraverso la sua intercessione, l\u2019aiuto necessario allo sforzo di ricomporre l\u2019unit\u00e0 del corpo mistico di Cristo. Operare a Siracusa li impegna particolarmente, perch\u00e9 \u201cla Chiesa Russa guarda alla Sicilia come il ponte naturale che unisce l\u2019Oriente e l\u2019Occidente\u201d (S. Dimsha, Rivista Madonna delle Lacrime, gennaio 1975, p. 7).<br data-rich-text-line-break=\"true\" \/>E non a caso in questa Citt\u00e0, la Madonna ha voluto piangere. E non avendo comunicato chiaramente un messaggio, come \u00e8 avvenuto nelle apparizioni di Lourdes e Fatima, il pianto d\u00e0 origine a diverse interpretazioni.<\/p><p style=\"text-align: justify;\">L\u2019Associazione nacque nel 1980 con l\u2019intento di aiutare i cristiani perseguitati nella chiesa dell\u2019Est e, in particolar modo, nell\u2019ex Unione Sovietica. Nacque subito una rete di relazioni e collaborazioni con altre associazioni e centri di aiuto alla Chiesa dell\u2019Est in Italia, Francia, Germania, Inghilterra e Svizzera per sostenere i dissidenti e le loro famiglie. Diversi viaggi in Russia vennero organizzati per portare personalmente sostegno alla fede, introducendo Vangeli, testi magisteriali e denaro per le urgenti necessit\u00e0 di famiglie perseguitate a causa della fede.<br \/>Dalla relazione con la chiesa d\u2019Oriente scatur\u00ec l\u2019interesse per l\u2019iconografia bizantina e presto inizi\u00f2 lo studio di ricerca e comprensione di un linguaggio, quello delle icone, capace di tessere in un\u2019unica tela teologia, estetica, storia e tecnica. Sembrava profetico che Siracusa, ponte storico tra Oriente e Occidente, custode di un significativo patrimonio lasciato da tre secoli di storia bizantina che videro la nostra Citt\u00e0 capitale dell\u2019Impero bizantino per cinque anni, potesse tornare a guardare l\u2019arte dell\u2019icona come possibilit\u00e0 di ricomprensione della propria storia e relazione con le chiese d\u2019Oriente.<br \/>Nell\u2019esperienza associativa non poteva, per\u00f2, mancare l\u2019attenzione ai bisogni dell\u2019uomo e presto inizi\u00f2 l\u2019esperienza della Caritas che tutt\u2019oggi continua, in collaborazione con il Banco alimentare, grazie all\u2019ospitalit\u00e0 offerta da don Guido Scollo.<\/p>\t\t\t\t\t\t<\/div>\n\t\t\t\t<\/div>\n\t\t\t\t\t<\/div>\n\t\t<\/div>\n\t\t\t\t<div class=\"elementor-column elementor-col-50 elementor-inner-column elementor-element elementor-element-6df3920\" data-id=\"6df3920\" data-element_type=\"column\">\n\t\t\t<div class=\"elementor-widget-wrap elementor-element-populated\">\n\t\t\t\t\t\t\t\t<div class=\"elementor-element elementor-element-f13549a elementor-widget elementor-widget-image\" data-id=\"f13549a\" data-element_type=\"widget\" data-widget_type=\"image.default\">\n\t\t\t\t<div class=\"elementor-widget-container\">\n\t\t\t\t\t\t\t\t\t\t\t\t\t\t\t<img decoding=\"async\" width=\"250\" height=\"362\" src=\"http:\/\/www.sanvladimir.siracusa.it\/wp-content\/uploads\/2021\/06\/index.jpg\" class=\"attachment-large size-large wp-image-8\" alt=\"\" srcset=\"http:\/\/www.sanvladimir.siracusa.it\/wp-content\/uploads\/2021\/06\/index.jpg 250w, http:\/\/www.sanvladimir.siracusa.it\/wp-content\/uploads\/2021\/06\/index-207x300.jpg 207w\" sizes=\"(max-width: 250px) 100vw, 250px\" \/>\t\t\t\t\t\t\t\t\t\t\t\t\t\t\t<\/div>\n\t\t\t\t<\/div>\n\t\t\t\t<div class=\"elementor-element elementor-element-2dc5ebf elementor-widget elementor-widget-heading\" data-id=\"2dc5ebf\" data-element_type=\"widget\" data-widget_type=\"heading.default\">\n\t\t\t\t<div class=\"elementor-widget-container\">\n\t\t\t<h2 class=\"elementor-heading-title elementor-size-small\">Icona San  Vladimir\nopera realizzata per mano \ndi Egon Sendler<\/h2>\t\t<\/div>\n\t\t\t\t<\/div>\n\t\t\t\t\t<\/div>\n\t\t<\/div>\n\t\t\t\t\t\t\t<\/div>\n\t\t<\/section>\n\t\t\t\t\t<\/div>\n\t\t<\/div>\n\t\t\t\t\t\t\t<\/div>\n\t\t<\/section>\n\t\t\t\t<section class=\"elementor-section elementor-top-section elementor-element elementor-element-3791906 elementor-section-boxed elementor-section-height-default elementor-section-height-default\" data-id=\"3791906\" data-element_type=\"section\">\n\t\t\t\t\t\t<div class=\"elementor-container elementor-column-gap-default\">\n\t\t\t\t\t<div class=\"elementor-column elementor-col-100 elementor-top-column elementor-element elementor-element-054bc27\" data-id=\"054bc27\" data-element_type=\"column\">\n\t\t\t<div class=\"elementor-widget-wrap elementor-element-populated\">\n\t\t\t\t\t\t\t\t<div class=\"elementor-element elementor-element-9d0288d elementor-widget elementor-widget-html\" data-id=\"9d0288d\" data-element_type=\"widget\" data-widget_type=\"html.default\">\n\t\t\t\t<div class=\"elementor-widget-container\">\n\t\t\t<div id=\"mp3jWrap_0\" class=\"mjp-s-wrapper s-graphic unsel-mjp \" style=\"font-size:18px;\"><span id=\"playpause_wrap_mp3j_0\" class=\"wrap_inline_mp3j\" style=\"font-weight:700;\"><span class=\"gfxbutton_mp3j play-mjp\" id=\"playpause_mp3j_0\" style=\"font-size:18px;\">&nbsp;&nbsp;&nbsp;&nbsp;&nbsp;<\/span>&nbsp;<span class=\"group_wrap\"><span class=\"bars_mp3j\"><span class=\"loadB_mp3j\" id=\"load_mp3j_0\"><\/span><span class=\"posbarB_mp3j\" id=\"posbar_mp3j_0\"><\/span><\/span><span class=\"T_mp3j\" id=\"T_mp3j_0\" style=\"font-size:18px;\">Padre Nostro<span> - Coro Russia Cristiana<\/span><\/span><span class=\"indi_mp3j\" style=\"font-size:12.6px;\" id=\"statusMI_0\"><\/span><\/span><\/span><\/div><span class=\"s-nosolution\" id=\"mp3j_nosolution_0\" style=\"display:none;\"><\/span><script>\nMP3jPLAYLISTS.inline_0 = [\n\t{ name: \"Padre Nostro\", formats: [\"mp3\"], mp3: \"aHR0cDovL3d3dy5ydXNzaWFjcmlzdGlhbmEuc2lyYWN1c2EuaXQvd3AtY29udGVudC91cGxvYWRzLzIwMjEvMDkvUGFkcmUtTm9zdHJvLm1wMw==\", counterpart:\"\", artist: \"Coro Russia Cristiana\", image: \"\", imgurl: \"\" }\n];\n<\/script>\n\n<script>MP3jPLAYERS[0] = { list: MP3jPLAYLISTS.inline_0, tr:0, type:'single', lstate:'', loop:true, play_txt:'&nbsp;&nbsp;&nbsp;&nbsp;&nbsp;', pause_txt:'&nbsp;&nbsp;&nbsp;&nbsp;&nbsp;', pp_title:'', autoplay:true, download:false, vol:100, height:'' };<\/script>\t\t<\/div>\n\t\t\t\t<\/div>\n\t\t\t\t\t<\/div>\n\t\t<\/div>\n\t\t\t\t\t\t\t<\/div>\n\t\t<\/section>\n\t\t\t\t\t\t\t<\/div>\n\t\t","protected":false},"excerpt":{"rendered":"<p>L\u2019 ASSOCIAZIONE \u201cSAN VLADIMIR\u201d,\u00a0fondata nel 1980, promuove iniziative, soprattutto pastorali, a favore della Chiesa dell\u2019Est, ed in particolare dell\u2019ex Unione Sovietica, per favorire la concordia, la collaborazione, la carit\u00e0, l\u2019amore.All\u2019interno del grande movimento ecumenico, i soci dell\u2019Associazione guardano con particolare al mondo orientale, al quale si sentono accomunati, tra l\u2019altro, dalla venerazione della Madonna. Ed [&hellip;]<\/p>\n","protected":false},"author":1,"featured_media":0,"parent":0,"menu_order":0,"comment_status":"closed","ping_status":"closed","template":"elementor_header_footer","meta":{"sfsi_plus_gutenberg_text_before_share":"","sfsi_plus_gutenberg_show_text_before_share":"","sfsi_plus_gutenberg_icon_type":"","sfsi_plus_gutenberg_icon_alignemt":"","sfsi_plus_gutenburg_max_per_row":"","ngg_post_thumbnail":0,"footnotes":""},"class_list":["post-31","page","type-page","status-publish","hentry","post-preview"],"jetpack_sharing_enabled":true,"_links":{"self":[{"href":"http:\/\/www.sanvladimir.siracusa.it\/index.php?rest_route=\/wp\/v2\/pages\/31","targetHints":{"allow":["GET"]}}],"collection":[{"href":"http:\/\/www.sanvladimir.siracusa.it\/index.php?rest_route=\/wp\/v2\/pages"}],"about":[{"href":"http:\/\/www.sanvladimir.siracusa.it\/index.php?rest_route=\/wp\/v2\/types\/page"}],"author":[{"embeddable":true,"href":"http:\/\/www.sanvladimir.siracusa.it\/index.php?rest_route=\/wp\/v2\/users\/1"}],"replies":[{"embeddable":true,"href":"http:\/\/www.sanvladimir.siracusa.it\/index.php?rest_route=%2Fwp%2Fv2%2Fcomments&post=31"}],"version-history":[{"count":61,"href":"http:\/\/www.sanvladimir.siracusa.it\/index.php?rest_route=\/wp\/v2\/pages\/31\/revisions"}],"predecessor-version":[{"id":1151,"href":"http:\/\/www.sanvladimir.siracusa.it\/index.php?rest_route=\/wp\/v2\/pages\/31\/revisions\/1151"}],"wp:attachment":[{"href":"http:\/\/www.sanvladimir.siracusa.it\/index.php?rest_route=%2Fwp%2Fv2%2Fmedia&parent=31"}],"curies":[{"name":"wp","href":"https:\/\/api.w.org\/{rel}","templated":true}]}}